{"id":29,"date":"2016-08-26T09:18:22","date_gmt":"2016-08-26T09:18:22","guid":{"rendered":"http:\/\/bronkiewicz.pl\/?page_id=29"},"modified":"2025-11-11T10:31:15","modified_gmt":"2025-11-11T10:31:15","slug":"kamien","status":"publish","type":"page","link":"https:\/\/bronkiewicz.pl\/?page_id=29","title":{"rendered":"Rze\u017aba-kamie\u0144"},"content":{"rendered":"<div class=\"wpb-content-wrapper\"><p>[vc_row][vc_column][vc_gallery interval=&#8221;5&#8243; images=&#8221;293,292,291,290&#8243; img_size=&#8221;full&#8221; css=&#8221;&#8221;][\/vc_column][\/vc_row][vc_row][vc_column][vc_column_text css=&#8221;&#8221;]<\/p>\n<p data-start=\"526\" data-end=\"914\"><strong data-start=\"526\" data-end=\"550\">Materia\u0142 i technika.<\/strong> Rze\u017aba w granicie polerowanym i surowym. Artysta zestawia <strong data-start=\"609\" data-end=\"626\">wysoki po\u0142ysk<\/strong> (akcenty \u201eorganiczne\u201d: powieki, fa\u0142dy, spirale) z <strong data-start=\"677\" data-end=\"701\">\u0142aman\u0105, nieobrobion\u0105<\/strong> sk\u00f3r\u0105 g\u0142azu, co wzmacnia napi\u0119cie mi\u0119dzy form\u0105 naturaln\u0105 a rze\u017abion\u0105. Ci\u0119cia s\u0105 prowadzone d\u0142ugim, p\u0142ynnym ruchem, a ryflowania uk\u0142adaj\u0105 si\u0119 w rytmy przypominaj\u0105ce geologiczne laminacje lub muszlowe growth lines.<\/p>\n<p data-start=\"916\" data-end=\"1192\">Obiekt jest <strong data-start=\"939\" data-end=\"956\">wielotwarzowy<\/strong>: motyw maski\/\u0142uku powiekowego pojawia si\u0119 sekwencyjnie, dzi\u0119ki czemu rze\u017ab\u0119 \u201eczyta si\u0119\u201d w obrocie. Masa pozostaje zwarta, lecz rozcz\u0142onkowana seriami g\u0142\u0119bokich wr\u0119b\u00f3w \u2013 to daje wra\u017cenie <strong data-start=\"1143\" data-end=\"1159\">oktokularnej<\/strong> czujno\u015bci i pulsuj\u0105cego wn\u0119trza.<\/p>\n<p data-start=\"1194\" data-end=\"1402\">Dominuj\u0105 emocje <strong data-start=\"1221\" data-end=\"1246\">uspokojonej ekspresji<\/strong>: zamkni\u0119te oczy, mi\u0119kko\u015b\u0107 linii, falowanie p\u0142aszczyzn. Poler tworzy lustrzane \u201estawy\u201d \u015bwiat\u0142a, kt\u00f3re o\u017cywiaj\u0105 kamie\u0144 i nadaj\u0105 mu niemal dermalny charakter.<\/p>\n<p data-start=\"1404\" data-end=\"1678\">Hybryda mi\u0119dzy <strong data-start=\"1443\" data-end=\"1479\">portretem a pejza\u017cem wewn\u0119trznym<\/strong>. \u201eTwarz\u201d nie reprezentuje konkretu \u2013 jest symbolem skupienia\/\u015bnienia; fa\u0142dy przypominaj\u0105 zar\u00f3wno muszl\u0119, jak i fa\u0142d\u0119 skaln\u0105. To rze\u017aba o <strong data-start=\"1617\" data-end=\"1677\">czasie geologicznym spotkanym z czasem ludzkiego oddechu<\/strong>.<\/p>\n<p><span dir=\"auto\" style=\"vertical-align: inherit;\"><span dir=\"auto\" style=\"vertical-align: inherit;\">[\/vc_column_text][\/vc_column][\/vc_row][vc_row][vc_column][vc_gallery interval=&#8221;5&#8243; images=&#8221;289,288,287,286&#8243; img_size=&#8221;full&#8221; css=&#8221;&#8221;][\/vc_column][\/vc_row][vc_row content_placement=&#8221;top&#8221;][vc_column][vc_column_text css=&#8221;&#8221;]<\/span><\/span><\/p>\n<p data-start=\"79\" data-end=\"419\">Owalny g\u0142az zosta\u0142 opracowany w ruchu spiralnym: od dominuj\u0105cego, niemal \u201epowiekowego\u201d \u0142uku w g\u00f3rnej partii forma schodzi kaskad\u0105 rytmicznych za\u0142ama\u0144 i \u017c\u0142obie\u0144. Rze\u017aba jest <strong data-start=\"276\" data-end=\"297\">wieloorientacyjna<\/strong> \u2014 dzia\u0142a w pionie i poziomie; po obrocie czyta si\u0119 jak maska\/\u0142eb o zamkni\u0119tym oku, w pionie \u2013 jak zwarty tors organiczny.<\/p>\n<p data-start=\"421\" data-end=\"780\">Czerwony, drobnoziarnisty granit zestawiony jest w kontrastach: partie <strong data-start=\"517\" data-end=\"531\">polerowane<\/strong> (wydobywaj\u0105ce g\u0142\u0119bi\u0119 barwy i migotanie uziarnienia) s\u0105siaduj\u0105 z fragmentami <strong data-start=\"608\" data-end=\"626\">ciosu i szlifu<\/strong> pozostawionymi surowiej. G\u0119ste <strong data-start=\"658\" data-end=\"672\">ryflowania<\/strong> i sfazowania prowadz\u0105 \u015bwiat\u0142o, tworz\u0105c \u017cywy rytm cieni \u2014 to \u201erysunek\u201d prowadzony d\u0142utem w twardym kamieniu.<\/p>\n<p data-start=\"782\" data-end=\"1068\">Motywy muszlowe i fa\u0142dowe nadaj\u0105 pracy <strong data-start=\"837\" data-end=\"851\">organiczny<\/strong> charakter; \u201eoko\u201d i \u201eprofil\u201d s\u0105 tylko sugerowane, przez co rze\u017aba balansuje mi\u0119dzy figuracj\u0105 a abstrakcj\u0105. To przyk\u0142ad \u015bwiadomego \u201eczytania g\u0142azu\u201d \u2014 artysta nie narzuca kszta\u0142tu, lecz <strong data-start=\"1035\" data-end=\"1047\">wydobywa<\/strong> go z zastanej bry\u0142y.<\/p>\n<p data-start=\"1070\" data-end=\"1357\">Nastr\u00f3j skupienia i <strong data-start=\"1113\" data-end=\"1132\">uwewn\u0119trznienia<\/strong> (zamkni\u0119te \u201eoko\u201d, falowanie linii jak oddech) kieruje interpretacj\u0119 ku tematom snu, czuwania i pami\u0119ci materii. Spiralny ruch form przywodzi na my\u015bl procesy geologiczne \u2013 kamie\u0144 \u201epami\u0119ta\u201d czas, a rze\u017aba t\u0119 pami\u0119\u0107 artyku\u0142uje.<\/p>\n<p>[\/vc_column_text][\/vc_column][\/vc_row][vc_row][vc_column width=&#8221;1\/3&#8243;][vc_gallery interval=&#8221;0&#8243; images=&#8221;306&#8243; img_size=&#8221;large&#8221; css=&#8221;&#8221;][vc_gallery interval=&#8221;0&#8243; images=&#8221;305&#8243; img_size=&#8221;large&#8221; css=&#8221;&#8221;][vc_gallery interval=&#8221;0&#8243; images=&#8221;304&#8243; img_size=&#8221;large&#8221; css=&#8221;&#8221;][vc_gallery interval=&#8221;0&#8243; images=&#8221;298&#8243; img_size=&#8221;large&#8221; css=&#8221;&#8221;][vc_gallery interval=&#8221;3&#8243; images=&#8221;281,280,279&#8243; img_size=&#8221;large&#8221; css=&#8221;&#8221;][\/vc_column][vc_column width=&#8221;1\/3&#8243;][vc_gallery interval=&#8221;0&#8243; images=&#8221;297&#8243; img_size=&#8221;large&#8221; css=&#8221;&#8221;][vc_gallery interval=&#8221;0&#8243; images=&#8221;296&#8243; img_size=&#8221;large&#8221; css=&#8221;&#8221;][vc_gallery interval=&#8221;0&#8243; images=&#8221;295&#8243; img_size=&#8221;large&#8221; css=&#8221;&#8221;][vc_gallery interval=&#8221;0&#8243; images=&#8221;294&#8243; img_size=&#8221;large&#8221; css=&#8221;&#8221;][vc_gallery interval=&#8221;5&#8243; images=&#8221;277,276,275,274&#8243; img_size=&#8221;large&#8221; css=&#8221;&#8221;][\/vc_column][vc_column width=&#8221;1\/3&#8243;][vc_gallery interval=&#8221;0&#8243; images=&#8221;285&#8243; img_size=&#8221;large&#8221; css=&#8221;&#8221;][vc_gallery interval=&#8221;0&#8243; images=&#8221;284&#8243; img_size=&#8221;large&#8221; css=&#8221;&#8221;][vc_gallery interval=&#8221;0&#8243; images=&#8221;283&#8243; img_size=&#8221;large&#8221; css=&#8221;&#8221;][vc_gallery interval=&#8221;0&#8243; images=&#8221;282&#8243; img_size=&#8221;large&#8221; css=&#8221;&#8221;][vc_gallery interval=&#8221;5&#8243; images=&#8221;271,270,269,268&#8243; img_size=&#8221;large&#8221; css=&#8221;&#8221;][\/vc_column][\/vc_row]<\/p>\n<\/div>","protected":false},"excerpt":{"rendered":"<p>[vc_row][vc_column][vc_gallery interval=&#8221;5&#8243; images=&#8221;293,292,291,290&#8243; img_size=&#8221;full&#8221; css=&#8221;&#8221;][\/vc_column][\/vc_row][vc_row][vc_column][vc_column_text css=&#8221;&#8221;] Materia\u0142 i technika. Rze\u017aba w granicie polerowanym i surowym. Artysta zestawia wysoki po\u0142ysk (akcenty \u201eorganiczne\u201d: powieki, fa\u0142dy, spirale) z \u0142aman\u0105, nieobrobion\u0105 sk\u00f3r\u0105 g\u0142azu, co wzmacnia napi\u0119cie mi\u0119dzy form\u0105 naturaln\u0105 a rze\u017abion\u0105. Ci\u0119cia s\u0105 prowadzone d\u0142ugim, p\u0142ynnym ruchem, a ryflowania uk\u0142adaj\u0105 si\u0119 w rytmy przypominaj\u0105ce geologiczne laminacje lub muszlowe growth [&hellip;]<\/p>\n","protected":false},"author":1,"featured_media":0,"parent":0,"menu_order":0,"comment_status":"closed","ping_status":"closed","template":"","meta":{"footnotes":""},"class_list":["post-29","page","type-page","status-publish","hentry"],"_links":{"self":[{"href":"https:\/\/bronkiewicz.pl\/index.php?rest_route=\/wp\/v2\/pages\/29","targetHints":{"allow":["GET"]}}],"collection":[{"href":"https:\/\/bronkiewicz.pl\/index.php?rest_route=\/wp\/v2\/pages"}],"about":[{"href":"https:\/\/bronkiewicz.pl\/index.php?rest_route=\/wp\/v2\/types\/page"}],"author":[{"embeddable":true,"href":"https:\/\/bronkiewicz.pl\/index.php?rest_route=\/wp\/v2\/users\/1"}],"replies":[{"embeddable":true,"href":"https:\/\/bronkiewicz.pl\/index.php?rest_route=%2Fwp%2Fv2%2Fcomments&post=29"}],"version-history":[{"count":21,"href":"https:\/\/bronkiewicz.pl\/index.php?rest_route=\/wp\/v2\/pages\/29\/revisions"}],"predecessor-version":[{"id":970,"href":"https:\/\/bronkiewicz.pl\/index.php?rest_route=\/wp\/v2\/pages\/29\/revisions\/970"}],"wp:attachment":[{"href":"https:\/\/bronkiewicz.pl\/index.php?rest_route=%2Fwp%2Fv2%2Fmedia&parent=29"}],"curies":[{"name":"wp","href":"https:\/\/api.w.org\/{rel}","templated":true}]}}