{"id":649,"date":"2016-08-19T05:44:58","date_gmt":"2016-08-19T05:44:58","guid":{"rendered":"http:\/\/localhost\/wordpress\/?page_id=173"},"modified":"2025-11-17T13:08:30","modified_gmt":"2025-11-17T13:08:30","slug":"about-me","status":"publish","type":"page","link":"https:\/\/bronkiewicz.pl\/?page_id=649","title":{"rendered":"Obiekty i instalacje"},"content":{"rendered":"<div class=\"wpb-content-wrapper\"><p>[vc_row][vc_column width=&#8221;2\/3&#8243; animation=&#8221;fadeInLeft&#8221; delay=&#8221;0.6&#8243; offset=&#8221;vc_col-lg-4 vc_col-md-4 vc_col-xs-12&#8243;][vc_custom_heading text=&#8221;Obiekty i instalacje&#8221; font_container=&#8221;tag:h3|font_size:25px|text_align:left|color:%23252525|line_height:28px&#8221; use_theme_fonts=&#8221;yes&#8221; css=&#8221;.vc_custom_1763297133202{margin-top: 0px !important;margin-right: 0px !important;margin-bottom: 18px !important;margin-left: 0px !important;padding-top: 0px !important;padding-right: 0px !important;padding-bottom: 0px !important;padding-left: 0px !important;}&#8221; el_class=&#8221;font-700&#8243;][\/vc_column][\/vc_row][vc_row][vc_column width=&#8221;2\/3&#8243;][vc_gallery interval=&#8221;3&#8243; images=&#8221;387,386,385&#8243; img_size=&#8221;full&#8221; css=&#8221;&#8221;][vc_gallery interval=&#8221;5&#8243; images=&#8221;345,344,343,341&#8243; img_size=&#8221;full&#8221; css=&#8221;&#8221;][vc_gallery interval=&#8221;3&#8243; images=&#8221;1175,1176&#8243; img_size=&#8221;full&#8221;][vc_gallery interval=&#8221;10&#8243; images=&#8221;1177,1178,1179,1180,1181,1182,1183&#8243; img_size=&#8221;full&#8221; css=&#8221;&#8221;][vc_gallery interval=&#8221;3&#8243; images=&#8221;1184,1185&#8243; img_size=&#8221;full&#8221; css=&#8221;&#8221;][vc_gallery interval=&#8221;3&#8243; images=&#8221;1186,1187&#8243; img_size=&#8221;full&#8221; css=&#8221;&#8221;][vc_gallery interval=&#8221;3&#8243; images=&#8221;1188,1189&#8243; img_size=&#8221;full&#8221; css=&#8221;&#8221;][vc_gallery interval=&#8221;0&#8243; images=&#8221;1190&#8243; img_size=&#8221;full&#8221; css=&#8221;&#8221;][\/vc_column][vc_column width=&#8221;1\/3&#8243;][vc_column_text css=&#8221;&#8221;]<\/p>\n<p data-start=\"26\" data-end=\"718\">W obiektach Tadeusza Bronkiewicza materia\u0142 zaczyna zachowywa\u0107 si\u0119 jak organizm \u2013 zardzewia\u0142e \u017celazo, fragmenty zamk\u00f3w, \u017celazek, gwo\u017adzie, polichromowane drewno, odlewy i drobne detale tworz\u0105 hybrydy na pograniczu rze\u017aby, maski i mechanizmu. Artysta nie traktuje \u201eready\u2013mades\u201d jako \u017cartu, lecz jak fragment biografii przedmiot\u00f3w: zu\u017cyte zamki i klamki staj\u0105 si\u0119 metafor\u0105 pami\u0119ci, przej\u015bcia, blokady. Polichromowane p\u0142askorze\u017aby-zamki, z oczami ukrytymi w\u015br\u00f3d otwor\u00f3w i \u015brub, przypominaj\u0105 jednocze\u015bnie ikon\u0119, panel sterowania i twarz stra\u017cnika. Realne elementy mechaniczne (klamki, rygle, zawiasy) nie s\u0105 ozdob\u0105 \u2013 uruchamiaj\u0105 wyobra\u017ani\u0119 widza, sugeruj\u0105 mo\u017cliwo\u015b\u0107 dzia\u0142ania, wej\u015bcia \u201edo \u015brodka\u201d.<\/p>\n<p data-start=\"720\" data-end=\"1323\">W wi\u0119kszych realizacjach \u2013 jak zoomorficzna g\u0142owa na podstawie ze starego \u017celazka \u2013 rze\u017aba przechodzi w obiekt\u2013instalacj\u0119. Stare narz\u0119dzie domowe zostaje uniesione do rangi piedesta\u0142u, a zarazem staje si\u0119 \u201ecia\u0142em\u201d hybrydycznej postaci. Kolor gra tu r\u00f3wnie mocno jak forma: intensywne czerwienie i zielenie kontrastuj\u0105 z grafitow\u0105, surow\u0105 stal\u0105, wzmacniaj\u0105c napi\u0119cie pomi\u0119dzy \u017cywym i martwym, organicznym i technicznym. Miniaturowe metalowe figury na tr\u00f3jnogich \u201enogach\u201d, z wygi\u0119tymi cia\u0142ami, przypominaj\u0105 istoty wyj\u0119te z rysunk\u00f3w \u2013 to jakby szkice przestrzenne, kt\u00f3re wysz\u0142y z kartki i stan\u0119\u0142y na stole.<\/p>\n<p data-start=\"1325\" data-end=\"1923\">Cykl ma\u0142ych g\u0142\u00f3w w z\u0142otych ramach i \u017celaznych \u201estwor\u00f3w\u201d pokazuje, \u017ce Bronkiewicz szczeg\u00f3lnie interesuje moment, w kt\u00f3rym rze\u017aba zaczyna by\u0107 obecno\u015bci\u0105 \u2013 kim\u015b, a nie czym\u015b. Z ram wydobywaj\u0105 si\u0119 zdeformowane, bole\u015bnie ludzkie twarze; z gwo\u017adzi i fragment\u00f3w stali powstaj\u0105 kruche, ironiczne sylwetki balansuj\u0105ce mi\u0119dzy grotesk\u0105 a empati\u0105. Wszystkie te obiekty \u0142\u0105czy charakterystyczna dla artysty synteza: precyzyjnie opracowana materia, g\u0119sta symbolika i lekko podszyty humorem niepok\u00f3j. To nie s\u0105 \u201einstalacje dekoracyjne\u201d, ale ma\u0142e, osobiste urz\u0105dzenia do uruchamiania pami\u0119ci i pod\u015bwiadomo\u015bci widza.<\/p>\n<p>[\/vc_column_text][\/vc_column][\/vc_row]<\/p>\n<\/div>","protected":false},"excerpt":{"rendered":"<p>[vc_row][vc_column width=&#8221;2\/3&#8243; animation=&#8221;fadeInLeft&#8221; delay=&#8221;0.6&#8243; offset=&#8221;vc_col-lg-4 vc_col-md-4 vc_col-xs-12&#8243;][vc_custom_heading text=&#8221;Obiekty i instalacje&#8221; font_container=&#8221;tag:h3|font_size:25px|text_align:left|color:%23252525|line_height:28px&#8221; use_theme_fonts=&#8221;yes&#8221; css=&#8221;.vc_custom_1763297133202{margin-top: 0px !important;margin-right: 0px !important;margin-bottom: 18px !important;margin-left: 0px !important;padding-top: 0px !important;padding-right: 0px !important;padding-bottom: 0px !important;padding-left: 0px !important;}&#8221; el_class=&#8221;font-700&#8243;][\/vc_column][\/vc_row][vc_row][vc_column width=&#8221;2\/3&#8243;][vc_gallery interval=&#8221;3&#8243; images=&#8221;387,386,385&#8243; img_size=&#8221;full&#8221; css=&#8221;&#8221;][vc_gallery interval=&#8221;5&#8243; images=&#8221;345,344,343,341&#8243; img_size=&#8221;full&#8221; css=&#8221;&#8221;][vc_gallery interval=&#8221;3&#8243; images=&#8221;1175,1176&#8243; img_size=&#8221;full&#8221;][vc_gallery interval=&#8221;10&#8243; images=&#8221;1177,1178,1179,1180,1181,1182,1183&#8243; img_size=&#8221;full&#8221; css=&#8221;&#8221;][vc_gallery interval=&#8221;3&#8243; images=&#8221;1184,1185&#8243; img_size=&#8221;full&#8221; css=&#8221;&#8221;][vc_gallery interval=&#8221;3&#8243; images=&#8221;1186,1187&#8243; img_size=&#8221;full&#8221; css=&#8221;&#8221;][vc_gallery interval=&#8221;3&#8243; [&hellip;]<\/p>\n","protected":false},"author":2,"featured_media":0,"parent":0,"menu_order":0,"comment_status":"closed","ping_status":"closed","template":"","meta":{"footnotes":""},"class_list":["post-649","page","type-page","status-publish","hentry"],"_links":{"self":[{"href":"https:\/\/bronkiewicz.pl\/index.php?rest_route=\/wp\/v2\/pages\/649","targetHints":{"allow":["GET"]}}],"collection":[{"href":"https:\/\/bronkiewicz.pl\/index.php?rest_route=\/wp\/v2\/pages"}],"about":[{"href":"https:\/\/bronkiewicz.pl\/index.php?rest_route=\/wp\/v2\/types\/page"}],"author":[{"embeddable":true,"href":"https:\/\/bronkiewicz.pl\/index.php?rest_route=\/wp\/v2\/users\/2"}],"replies":[{"embeddable":true,"href":"https:\/\/bronkiewicz.pl\/index.php?rest_route=%2Fwp%2Fv2%2Fcomments&post=649"}],"version-history":[{"count":4,"href":"https:\/\/bronkiewicz.pl\/index.php?rest_route=\/wp\/v2\/pages\/649\/revisions"}],"predecessor-version":[{"id":1191,"href":"https:\/\/bronkiewicz.pl\/index.php?rest_route=\/wp\/v2\/pages\/649\/revisions\/1191"}],"wp:attachment":[{"href":"https:\/\/bronkiewicz.pl\/index.php?rest_route=%2Fwp%2Fv2%2Fmedia&parent=649"}],"curies":[{"name":"wp","href":"https:\/\/api.w.org\/{rel}","templated":true}]}}